e of 35?
False
Is 919226 a multiple of 47?
True
Is 906224 a multiple of 38?
True
Is 22 a factor of 114773?
False
Is 26577933 a multiple of 424?
False
Is 414161 a multiple of 23?
True
Is 1298962 a multiple of 31?
True
Is 169802 a multiple of 123?
False
Does 23 divide 1887?
False
Does 346 divide 6222828?
False
Is 14 a factor of 3782170?
True
Does 16 divide 6638320?
True
Does 248 divide 518883?
False
Is 17 a factor of 1916784?
True
Is 354172 a multiple of 7?
True
Is 1016869 a multiple of 7?
True
Does 53 divide 65343?
False
Does 61 divide 15433?
True
Does 14 divide 1091518?
False
Is 5537219 a multiple of 71?
True
Does 88 divide 900680?
True
Does 729 divide 413997?
False
Is 12 a factor of 1579445?
False
Does 337 divide 79195?
True
Does 573 divide 1140060?
False
Is 7 a factor of 29113?
True
Does 9 divide 266011?
False
Does 273 divide 845481?
True
Is 5448 a multiple of 12?
True
Does 202 divide 4011114?
True
Is 56 a factor of 210746?
False
Is 190379 a multiple of 18?
False
Is 657 a factor of 13122918?
True
Does 102 divide 3268692?
True
Is 117 a factor of 7645014?
True
Does 306 divide 260409?
False
Is 28 a factor of 137172?
True
Is 64512 a multiple of 128?
True
Is 467232 a multiple of 744?
True
Is 793277 a multiple of 334?
False
Is 205 a factor of 246205?
True
Is 108779 a multiple of 4?
False
Does 26 divide 224692?
True
Is 211046 a multiple of 430?
False
Does 33 divide 212583?
False
Does 17 divide 5385?
False
Is 2 a factor of 47363?
False
Is 94684 a multiple of 47?
False
Is 464 a factor of 2877686?
False
Is 69 a factor of 2766257?
False
Is 701886 a multiple of 667?
False
Does 5 divide 151230?
True
Is 3 a factor of 29328?
True
Is 301434 a multiple of 42?
True
Is 378 a factor of 302400?
True
Is 25 a factor of 11580445?
False
Is 10 a factor of 1071630?
True
Is 74 a factor of 205868?
True
Is 4 a factor of 1124591?
False
Is 5 a factor of 1231165?
True
Does 147 divide 276066?
True
Is 26 a factor of 211354?
True
Does 4 divide 2642257?
False
Is 959576 a multiple of 59?
True
Is 2 a factor of 6820?
True
Is 450516 a multiple of 6?
True
Is 8 a factor of 52567?
False
Does 417 divide 293568?
True
Is 21 a factor of 32673?
False
Is 94 a factor of 387929?
False
Is 36 a factor of 39560?
False
Does 741 divide 789165?
True
Is 11 a factor of 190730?
False
Is 3 a factor of 54261?
True
Is 105 a factor of 69720?
True
Is 1440 a multiple of 32?
True
Is 356669 a multiple of 106?
False
Is 147139 a multiple of 25?
False
Is 10191589 a multiple of 317?
False
Is 72 a factor of 2270304?
True
Does 32 divide 1680024?
False
Is 354503 a multiple of 71?
True
Does 17 divide 13552?
False
Does 14 divide 1030363?
False
Is 458784 a multiple of 24?
True
Does 4 divide 28808?
True
Is 76 a factor of 191054?
False
Is 258373 a multiple of 13?
False
Is 12929282 a multiple of 578?
True
Is 2454601 a multiple of 38?
False
Is 405583 a multiple of 20?
False
Does 63 divide 167025?
False
Is 187638 a multiple of 11?
True
Is 13 a factor of 301393?
False
Does 323 divide 494718?
False
Does 523 divide 530378?
False
Does 7 divide 438307?
False
Is 33155620 a multiple of 74?
False
Is 50 a factor of 43773?
False
Is 166467 a multiple of 19?
False
Is 6 a factor of 1672822?
False
Does 801 divide 1918395?
True
Is 172 a factor of 8421464?
True
Does 20 divide 62551?
False
Is 9 a factor of 22221?
True
Is 170463 a multiple of 9?
False
Is 12366765 a multiple of 134?
False
Does 4 divide 855300?
True
Does 21 divide 382599?
True
Is 1496976 a multiple of 312?
True
Is 21 a factor of 13511?
False
Does 13 divide 317681?
True
Does 57 divide 1631568?
True
Does 38 divide 30248?
True
Does 1144 divide 5111392?
True
Is 4563099 a multiple of 193?
True
Is 477998 a multiple of 123?
False
Is 130130 a multiple of 182?
True
Does 170 divide 1360?
True
Does 106 divide 42612?
True
Does 41 divide 176956?
True
Is 179535 a multiple of 15?
True
Does 25 divide 2443466?
False
Does 8 divide 22360?
True
Is 23 a factor of 220409?
True
Does 178 divide 701523?
False
Does 30 divide 9917472?
False
Is 134 a factor of 179560?
True
Is 412 a factor of 6435610?
False
Is 102087 a multiple of 13?
False
Does 873 divide 748161?
True
Does 91 divide 681460?
False
Does 35 divide 12677?
False
Is 15 a factor of 405145?
False
Is 10566171 a multiple of 553?
True
Does 3 divide 2355477?
True
Is 81586 a multiple of 95?
False
Does 53 divide 560475?
True
Does 50 divide 3403005?
False
Is 5069999 a multiple of 202?
False
Does 28 divide 1122321?
False
Is 32410 a multiple of 4?
False
Is 159554 a multiple of 89?
False
Is 77 a factor of 450576?
False
Is 15 a factor of 13186755?
True
Does 61 divide 122607?
False
Does 14 divide 352020?
False
Is 148396 a multiple of 92?
True
Is 389 a factor of 1499595?
True
Is 1313632 a multiple of 7?
False
Does 48 divide 159624?
False
Does 42 divide 229410?
False
Does 62 divide 580072?
True
Is 192319 a multiple of 29?
False
Is 2 a factor of 424708?
True
Is 18 a factor of 419470?
False
Is 20 a factor of 14480?
True
Is 159545 a multiple of 30?
False
Does 65 divide 1047930?
True
Does 254 divide 3977894?
True
Is 516153 a multiple of 245?
False
Is 275967 a multiple of 25?
False
Is 112 a factor of 150480?
False
Is 2104684 a multiple of 23?
True
Is 2 a factor of 561062?
True
Is 7 a factor of 9617298?
False
Is 52044 a multiple of 6?
True
Is 4030176 a multiple of 24?
True
Is 12 a factor of 1008570?
False
Does 132 divide 292908?
True
Is 87216 a multiple of 39?
False
Is 371 a factor of 173999?
True
Does 308 divide 2526832?
True
Does 2 divide 1163?
False
Is 95806 a multiple of 207?
False
Is 581440 a multiple of 184?
True
Is 6 a factor of 45870?
True
Does 310 divide 380402?
False
Does 16 divide 22126607?
False
Is 248129 a multiple of 1073?
False
Does 8 divide 84248?
True
Is 788584 a multiple of 1200?
False
Does 310 divide 4303189?
False
Is 2289399 a multiple of 6?
False
Is 531 a factor of 681900?
False
Does 14 divide 204200?
False
Does 15 divide 247532?
False
Is 25 a factor of 385075?
True
Does 75 divide 1311450?
True
Does 18 divide 9987163?
False
Is 238810 a multiple of 114?
False
Is 68439 a multiple of 8?
False
Is 1602930 a multiple of 102?
True
Is 315205 a multiple of 55?
True
Is 63 a factor of 7587?
False
Is 943391 a multiple of 434?
False
Does 15 divide 119561?
False
Is 43 a factor of 209906?
False
Is 102171 a multiple of 339?
False
Does 814 divide 16190630?
False
Is 21 a factor of 5271?
True
Does 438 divide 136118?
False
Is 508728 a multiple of 44?
True
Is 166 a factor of 4304048?
True
Is 194890 a multiple of 58?
False
Is 10 a factor of 4291?
False
Does 42 divide 4930557?
False
Is 27 a factor of 4168355?
False
Is 1959334 a multiple of 15?
False
Is 218091 a multiple of 22?
False
Is 310764 a multiple of 19?
True
Does 38 divide 291422?
True
Is 4544937 a multiple of 147?
False
Is 9 a factor of 2213353?
False
Does 29 divide 189741?
False
Is 361 a factor of 1262005?
False
Is 13 a factor of 11782069?
True
Is 805606 a multiple of 13?
False
Does 172 divide 69894?
False
Does 36 divide 53388?
True
Does 37 divide 7566853?
False
Does 183 divide 411567?
True
Is 7 a factor of 1010086?
True
Does 100 divide 556316?
False
Is 60048 a multiple of 8?
True
Does 118 divide 117499?
False
Is 86304 a multiple of 29?
True
Is 7 a factor of 212996?
True
Is 376 a factor of 83096?
True
Does 183 divide 3684095?
False
Does 11 divide 2328541?
False
Does 215 divide 3459565?
True
Does 21 divide 347193?
True
Is 5 a factor of 7649?
False
Does 28 divide 497799?
False
Does 16 divide 1338687?
False
Is 143077 a multiple of 11?
True
Is 119 a factor of 2711283?
False
Is 12 a factor of 187968?
True
Is 45670 a multiple of 10?
True
Does 154 divide 351767?
False
Is 92976 a multiple of 149?
True
Is 12867080 a multiple of 20?
True
Is 1412834 a multiple of 39?
False
Does 65 divide 14235?
True
Is 14034 a multiple of 21?
False
Is 111 a factor of 5341256?
False
Is 2714205 a multiple of 13?
True
Is 13974186 a multiple of 171?
False
Is 144156 a multiple of 4?
True
Does 174 divide 3225408?
False
Is 440479 a multiple of 27?
False
Is 22 a factor of 135449?
False
Is 5 a factor of 15260?
True
Does 398 divide 47410?
False
Is 2975634 a multiple of 31?
False
Does 57 divide 150081?
True
Is 3425462 a multiple of 37?
False
Is 41 a factor of 201802?
True
Is 30 a factor of 224016?
False
Is 13084 a multiple of 49?
False
Is 12